f j**5/60 - j**4/12 - j**3/3 + j**2. Calculate b(c).
-2
Let v(q) = -q**2 + 4*q - 8. Let b(r) = -3*r + 1. Let i(y) = 4*y - 1. Let o(l) = 5*b(l) + 4*i(l). Let n(x) = -4*o(x) + v(x). What is n(0)?
-12
Let s(u) = 3*u**2 + 9*u + 6. Let r(a) = a**2 + a. Let m(g) = 2*r(g) - s(g). What is m(-7)?
-6
Suppose 5*u - 9 = 6. Suppose -p - o = -5*o - 5, 3*p + u*o - 15 = 0. Let v(w) = w**2 - 4*w - 5. What is v(p)?
0
Let o(z) = 3*z - 8 + 3 - 6*z. What is o(-4)?
7
Let v(s) = -s**2 - 7*s - 6. Let i be (-1)/5 + (-406)/70. Calculate v(i).
0
Let v(c) = 1 + c - 2 + 1. Determine v(-3).
-3
Let r(s) = 7 - s**2 + 7*s - 12 + 0*s**2. What is r(6)?
1
Let g(c) = c**2 + 7*c + 8. Let w = 0 + 1. Suppose v - w - 1 = 0. Let a = v - 8. Give g(a).
2
Let p(m) = -m + 1. Let r = 1 + -2. Let b be p(r). Let i(h) = 1 - 3*h + 0*h**3 - h**b + 4*h - 5*h**3. Give i(-1).
4
Suppose -l - l + 4 = 0. Let f(t) = t**3 + 4*t**2 + 2*t - 6. Let x(j) = 3*j**2 + 2*j - 5. Let r(s) = 2*f(s) - 3*x(s). Give r(l).
11
Let i(l) = -l**2 - 6*l - 2. Let t be i(-4). Let x be 9/t*24/(-9). Let q(f) = f**3 + 3*f**2 - 6*f - 6. Calculate q(x).
2
Let y(a) = -a + 7. Let d(r) = -2*r + 12. Let b(z) = 3*d(z) - 5*y(z). What is b(7)?
-6
Let c be 1/(2*2/8). Suppose -2*t - 10 = -5*l, 5*l + 4*t + 10 = -10. Let b(j) = -3 - j**2 + 3*j - 2*j**2 + 0 + l. Determine b(c).
-9
Let y(o) = -o**3 + 7*o**2 - 2*o + 5. Let u be (-30)/(-4) - 3/6. Calculate y(u).
-9
Let n(l) = 8*l + 7. Let s(j) = j**3 + 5*j**2 - 4*j + 5. Let m be s(-6). Let x(a) = 7*a + 6. Let h(b) = m*x(b) + 6*n(b). Calculate h(-4).
4
Let m(y) be the first derivative of -y**2/2 + 4*y - 4. Calculate m(3).
1
Let y be 16/10 + 6/(-10). Let b(i) be the second derivative of -2*i + 0*i**2 - 1/6*i**3 + 0 + 0*i**4 - 1/4*i**5. What is b(y)?
-6
Let k(l) = l - 14. Let x(f) = -1. Let c(g) = -k(g) + 4*x(g). Calculate c(5).
5
Suppose 0 = -0*r + 2*r. Suppose 0 = i - r*i. Let k(b) = -18*b**3 + 5 + 3*b**2 + 19*b**3 - 4*b**2. Determine k(i).
5
Let p(c) be the second derivative of c**4/3 - c**3/3 - 2*c. Determine p(2).
12
Let q(c) be the third derivative of 1/20*c**5 + 0*c**3 + c**2 + 0 - 5/24*c**4 + 1/120*c**6 + 0*c. What is q(-4)?
4
Let m(q) = q**3 - 4*q**2 - 5*q + 2. Let n be m(5). Let r(k) be the second derivative of 1/2*k**3 + n*k**2 + 0 + k. Calculate r(-4).
-8
Suppose 5*r + 0 = 40. Let b be ((-8)/3)/(r/(-12)). Let n(u) = -u**2 + 5*u - 6. Give n(b).
-2
Let c be 3 - (-7 - 1/1). Suppose 4*x - 40 = -4*u, -13 - c = -3*x - u. Let w(h) = -h**2 + 8*h. Calculate w(x).
7
Let q(h) = -2*h + 6. Let m = -5 - -8. Let f be 5/m + 1/3. Suppose 0 = f*g - 6 - 2. What is q(g)?
-2
Let l(h) = h**3 + h**2 - h. Let t(v) = -6*v**3 - 2*v**2 + 3*v. Let d(q) = 3*l(q) + t(q). Determine d(-1).
4
Let u = 10 + -17. Let b(g) = -g + 1. Determine b(u).
8
Let v(b) = -2*b**2 + b + b**2 + 5 - 3. Suppose -3*o + 1 = 1. What is v(o)?
2
Let n = 3 + 4. Let c(h) = 30*h - h**3 - 4 - 11*h + 3*h**3 + n*h**3 + 12*h**2. Let q(u) = 4*u**3 + 6*u**2 + 9*u - 2. Let g(i) = 3*c(i) - 7*q(i). Calculate g(-5).
7
Let k be 12/15*(-45)/6. Let t(w) = -w - 3. Determine t(k).
3
Let i(t) be the second derivative of 1/6*t**3 + 0 - 3/2*t**2 + 1/12*t**4 - t. Calculate i(0).
-3
Let o(v) be the second derivative of v**2 + 0 + 1/6*v**3 + v. Suppose 4*r - 7 = -23. Determine o(r).
-2
Let r = -10 + 13. Let d(u) = u + 4. What is d(r)?
7
Let c(w) = 4*w - 5. Let k(p) = 3*p - 5. Let g(q) = -q**2 - 6*q - 5. Let h be g(-6). Let l(i) = h*k(i) + 4*c(i). Determine l(-6).
-1
Let l(x) = x + 2. Let h be 9/(27/12) + -11. Calculate l(h).
-5
Let v(w) = w**3 - 4*w**2 - w + 1. Suppose -6*f = -3*u - f - 36, 0 = -5*u + 3*f - 76. Let h = u - -19. What is v(h)?
-9
Let o(y) = y + 5. Let d be o(-7). Let c be -2*((-15)/d)/(-5). Let t(k) = 9*k + 1. Let n(j) = 4*j. Let f(h) = 5*n(h) - 2*t(h). What is f(c)?
4
Let l(u) = -u**2 - 3. Suppose i = 4*i - 6. Suppose -2*w = i, -y - 3*w = -0*w. Suppose -x + 19 = y*g + 4, -2*x + 2*g = 10. Determine l(x).
-3
Let f = -3 - -7. Let p(u) = 10*u + 7*u - 5 - 14*u. Determine p(f).
7
Let t(y) = y**2 - 3*y - 8. Let l be (1 + -2)/2*-12. Calculate t(l).
10
Let v(t) = -t**2 - 5*t. Let z(b) = -3*b**2 - 14*b. Let j = -10 + 21. Let s(q) = j*v(q) - 4*z(q). Let a = -1 - 0. Determine s(a).
0
Suppose 2*a = 5*r + 21, 0 = -2*r + 2*a + a - 15. Let n = r - -5. Suppose n*p = -2*p - 4. Let t(f) = -f**3 + 1. Determine t(p).
2
Let n = -1 - -6. Let b(w) = -2*w + 5. What is b(n)?
-5
Suppose 14 = -3*g - 2*w, -3*g + 0*g - 3*w - 18 = 0. Let m(p) = p**3 + 2*p**2 - p - 2. Give m(g).
0
Let m(b) = -1. Let i(d) = d + 5. Suppose -2*w = -4 - 4, -5*g - w = -9. Let k(x) = g*i(x) - 6*m(x). What is k(0)?
11
Let j(l) = -4*l + 0*l - l**2 + l**3 - 6 + 3*l**2. What is j(-4)?
-22
Let d(p) = p. Let o be d(0). Suppose o = 3*c + 1 - 4. Let i(t) = -3*t**2 + 2*t - 1. Calculate i(c).
-2
Suppose 0 = -16*k + 4*k. Let h(b) = -b - 6. Calculate h(k).
-6
Suppose -q - 2*q = -12. Suppose u - 5*u = q. Let g(t) = -2*t**3 - t**2 - 4*t - 4. Let l(i) = -3*i**3 - i**2 - 5*i - 5. Let c(r) = 5*g(r) - 4*l(r). Give c(u).
-3
Suppose -4*r + 2*y - 4*y = 38, 5*r - 5*y = -25. Let k(m) = 2*m + 1. Calculate k(r).
-15
Let a(q) be the second derivative of q**6/360 - q**5/12 + q**4/12 - 3*q. Let i(t) be the third derivative of a(t). What is i(7)?
4
Let x(h) = -6*h. Suppose 5*d + 5*t = 2*t + 11, -d + 4*t - 7 = 0. What is x(d)?
-6
Let q(p) = -3*p**3 - p**2 - p - 1. Let c(h) = -6*h**3 - 2*h**2 - h - 2. Let g(v) = 3*c(v) - 5*q(v). Calculate g(1).
-3
Let v(c) = c**3 - 6*c**2 + 5*c - 3. Let g(m) be the second derivative of m**5/20 - m**4/4 + m**3 - 3*m**2/2 + 8*m. Let d be g(2). What is v(d)?
-3
Let y(g) = 4 - 7 + g + 0 - 3. Let c(d) = d - 7. Let m(w) = -3*c(w) + 4*y(w). Determine m(-4).
-7
Let y(v) = -16*v + 4. Let l(p) = -3*p + 1. Let u(g) = -11*l(g) + 2*y(g). Suppose k - 8 = -k. Suppose k*i + 5 = 13. Calculate u(i).
-1
Let k(s) be the first derivative of -3 + 1/2*s**2 + s. Determine k(5).
6
Let t(l) = l + 3*l - 7*l**3 - 5*l. Suppose -3*k - 4*f - 1 = 0, -1 + 3 = -2*f. Determine t(k).
-8
Let c(n) = -n**3 - 4*n**2 - 3*n - 6. Let i = 9 + -8. Let t = -5 + i. Give c(t).
6
Let t(u) = -2*u - 1. Let w = 3 - 8. Determine t(w).
9
Let a be (0/(-2))/(-4 - -2). Let i be 0/(2 - 3 - a). Let m(k) = -k**3 + k**2 - 6. Give m(i).
-6
Let y be 4/(-6)*(2 + -5). Let j(v) = y + v**2 + 3 - 5. What is j(-3)?
9
Let g = -72 + 73. Let k(p) = -14*p**3 + p. Calculate k(g).
-13
Let p(q) = -q**3 - 6*q**2 - 4*q + 4. Suppose 2*n + 3*u + 1 = -1, 1 = -n - 5*u. Let t be -2*(n + 7/2). Calculate p(t).
-1
Let q(o) = o**2 - 4*o - 2. Let c be 3/(1/(-2) + 2). Suppose 4*z + 20 = 2*p, -c*z - 3 - 7 = 4*p. Suppose -3*a - a + 20 = p. Calculate q(a).
3
Let w = -49 - -43. Let s(c) = c + 6. What is s(w)?
0
Let c(f) be the first derivative of f**2/2 - f + 14. Give c(4).
3
Let q(f) = -f + 2. Let y(w) = -w + 7. Let m be y(4). Suppose m = p + 4*u + 1, 0 = -3*p - 2*u + 6. Suppose 0 = p*x - 5*x + 6. Calculate q(x).
0
Let j(m) = m**2 - 1 - 591*m**3 + 601*m**3 + m**2. What is j(-1)?
-9
Let i(q) be the third derivative of -1/60*q**5 + 0*q**4 - 1/20*q**6 + 0*q + 2*q**2 + 0 + 0*q**3. Let m be 4/(-6)*33/22. Determine i(m).
5
Let t = -1 + -2. Let m(f) be the second derivative of -f**5/60 - f**4/8 + 8*f**3/3 + 14*f. Let c(j) be the second derivative of m(j). Calculate c(t).
3
Let i = 6 - 5. Suppose -3*b = -i - 2. Let o(h) be the second derivative of 3*h**4/4 - h**3/6 - h. Calculate o(b).
8
Let k(u) be the second derivative of -u**5/20 + u**4/3 + 2*u**3/3 + u**2/2 + 2*u. Let r = 0 + 5. Calculate k(r).
-4
Let w(d) be the first derivative of -d**3/3 + d**2/2 - d - 2. Give w(0).
-1
Suppose -n = -3*s - 2*n + 10, 4*n = -5*s + 12. Let l(i) = -i**3 + 4*i**2 + 3*i. What is l(s)?
12
Let o(x) = -8*x - 20. Let z(r) = r**3 + 5*r**2 - 7*r - 6. Let b be z(-6). Let u(m) = b + 6 + 3*m + 2 - 1. Let v(h) = -6*o(h) - 17*u(h). Calculate v(1).
-2
Let c(j) = 10*j**3 + 16*j**2 - 4*j - 7. Let y(g) = -7*g**3 - 11*g**2 + 3*g + 5. Let k(v) = 5*c(v) + 7*y(v). Determine k(-3).
-3
Let z(h) = h**3 - 2*h**2 + 3*h. Let m be 9/(-6) - 18/(-4). Suppose -m - 2 = -5*c, 0 = -2*b + 2*c. Let q be 0/9 + (b - -1). Determine z(q).
6
Let u(w) = 2*w - 1. Suppose 0*y + 34 = y. Suppose 5*x + 4 = y. Suppose 0 = -x*p + 3*p + 12. What is u(p)?
7
Suppose -4*g = 4*v - 5 - 15, -4*v = -4*g + 12. Let w be g/3 - 5/15. Let n(t) = -8*t. Give n(w).
-8
Le